*j + 3, -4*x - 1 = 3*j. Suppose 2*r - 9 = j. Is 7 a factor of r?
True
Let x = 69 - 54. Suppose -x = -t + 85. Is t a multiple of 25?
True
Suppose -77 = 8*q - 29. Is 33 a factor of q/(1*(-10)/165)?
True
Let u(c) = -12*c. Let w = -35 - -8. Let n be (2/(-3))/((-18)/w). Is 6 a factor of u(n)?
True
Suppose 3*z + 10*l - 5*l - 1423 = 0, 3*l = -3*z + 1431. Does 16 divide z?
False
Let s(b) = -6*b**2 + 6*b - 9. Let g be s(2). Let n(l) = -16*l + 75. Does 52 divide n(g)?
False
Suppose -4*a + 13 = -2*m - 5, -33 = -4*a + 5*m. Suppose 6 = -a*r, 4*r = -q - r + 207. Is q a multiple of 37?
True
Suppose -5 = -g - 2. Suppose 4*r - 3*v + 5 = 2*v, -4*r - 3*v + g = 0. Suppose p - 43 + 9 = r. Is 17 a factor of p?
True
Let o(r) = 4*r + 9*r**2 + 7*r - 6 + 5 - r**3 - 4. Let y be o(10). Suppose -y*l + 82 + 483 = 0. Is l a multiple of 14?
False
Let b be 2/6 + 334/6. Suppose 2*i + b = 3*i. Is 7 a factor of i?
True
Let w be (-22)/(-6) - (-6)/(-9). Suppose v + w*v = 28. Is v a multiple of 7?
True
Suppose 4*h + 4*g - 1004 = 1064, 0 = -5*h + g + 2603. Is h a multiple of 13?
True
Let a(x) = 13*x**3 + x**2 - x + 1. Let j be a(-2). Let g = 10 - j. Is 25 a factor of g?
False
Let w = -25 - -58. Let i = w - -10. Is i a multiple of 43?
True
Suppose 25 = -5*a, 0*o - 4*o + a + 25 = 0. Suppose -92 = -o*r + 83. Does 7 divide r?
True
Suppose i - 3*t = 6*i - 6668, 0 = -t - 4. Is 83 a factor of i?
False
Is (((-2322)/4)/3)/(6/(-40)) a multiple of 43?
True
Suppose -t + 563 = -g, -13*t = -8*t + 3*g - 2791. Is t a multiple of 40?
True
Let p(y) = 2*y**3 + 3*y**2 + 2*y - 2. Let s be p(-2). Let u(h) = -2*h**2 - 1 + 11*h + 19 - 5 + 3*h**2. Does 3 divide u(s)?
True
Let k be ((2/(-2))/((-4)/52))/(-1). Let j = 28 + k. Is 6 a factor of j?
False
Let z be -7*(2/2)/(-1). Suppose -5*b - z = -2*k, 0 = 5*k + 6*b - 4*b - 3. Let v = 7 + k. Is v a multiple of 4?
True
Let y = 2 + 3. Suppose 2*c + 2*c + 159 = y*t, 2*t + 2*c - 60 = 0. Suppose t - 151 = -3*f. Does 10 divide f?
True
Let o(k) = 5*k - 11. Let w be o(5). Let i be 40/w - (-4)/28. Suppose 0 = i*h - 3*u - 111, -3*u - u = 4. Is h a multiple of 9?
True
Suppose 5*c = 5 + 5. Let n be 1*(-6)/c + 14. Let i = -2 + n. Does 8 divide i?
False
Suppose -3*b - b = 0. Suppose 5*a + b*a - 215 = 0. Suppose 0*q + 4*q = -8, -5*k = q - a. Does 3 divide k?
True
Let q(r) = 51*r**2. Suppose -d - 2 = -4. Let j be (2 - 1)/(-1 + d). Is q(j) a multiple of 17?
True
Let g be (-1)/(-3)*(1 + -1). Let s(u) = -u + 7. Let m be s(4). Suppose -d = 0, -3*l = -g*d + m*d - 108. Is l a multiple of 18?
True
Let d be -2 - (8*4)/1. Suppose -x - 3*m - 11 = 0, 2*x + 2*m + 26 + 0 = 0. Let h = x - d. Is h a multiple of 14?
False
Suppose 30*g - 5640 = 53700. Does 33 divide g?
False
Let b = -27 + -17. Let v be (b/4)/(-2 + 3). Let i(u) = u**3 + 10*u**2 - 14*u - 1. Does 16 divide i(v)?
True
Suppose 4*p = 16, 88*g - 2*p - 2387 = 87*g. Is g a multiple of 43?
False
Let z(j) = 17*j. Let s be z(7). Suppose -19*v + 144 = -13*v. Let l = s - v. Is l a multiple of 24?
False
Suppose -4*y = 2*y - 30. Suppose 3*t - 226 = y*o, -5*t - o + 4*o + 366 = 0. Is 12 a factor of t?
True
Let m(a) = 13*a + 5. Let o(i) = -i**2 - 8*i + 13. Let l be o(-9). Let f be m(l). Suppose -5*v + 22 + 5 = h, 3*v = -4*h + f. Does 4 divide h?
True
Let p(y) = 3*y**2 - 4*y - 4 - 2*y**2 + 4*y**3 - 5*y**3. Let s be p(-5). Let d = s - 92. Does 12 divide d?
False
Let o = -658 - -726. Is o a multiple of 68?
True
Let y(a) = a**2 + 12*a + 24. Let b be y(-10). Does 11 divide (104 - -3 - -3)*b/2?
True
Let f(k) = k**2 - 3*k - 1. Let v(t) = t**2 - t - 2. Let g be v(3). Suppose -z - g = -0*z. Does 7 divide f(z)?
False
Let v(c) = -19*c - 9. Let d be v(-5). Suppose -4*u = -d - 190. Is u a multiple of 15?
False
Suppose 6*y = -f + y + 366, -1359 = -4*f + y. Suppose -6 = 5*a - f. Suppose a - 29 = 2*n. Is 7 a factor of n?
False
Let a = 1152 + -302. Does 67 divide a?
False
Let k(a) = -13*a + 44. Is k(-10) a multiple of 7?
False
Suppose 0 = -8*j + 3*j + 20. Suppose 0 = -x + 22 + j. Does 13 divide x?
True
Let y = 37 + -52. Let z be (-3)/y - 120/(-25). Suppose 5*l - 45 = z*r, -4*r + 5*r = -5*l + 57. Does 10 divide l?
False
Suppose 0*b = -4*b + 12, 2*j + 164 = 2*b. Suppose 6*c = 5*c + 112. Let o = c + j. Is o a multiple of 11?
True
Suppose 2*m - m - 285 = 0. Let a = m + -128. Is 21 a factor of a?
False
Let z(i) = -6*i - 105. Is z(-31) a multiple of 2?
False
Let r be 4*1 + (8 - -299). Suppose -r = -2*y + m, -y - 2*y + m + 464 = 0. Is 13 a factor of y?
False
Suppose 70*t - 105464 + 3894 = 0. Does 9 divide t?
False
Suppose -9 = -4*h - 153. Does 9 divide (7 - (-225)/h)/(2/192)?
True
Suppose 3*v = -5*l + 76, 5*l - 3*v - 26 = 38. Suppose i - 50 = -l. Is i a multiple of 9?
True
Is (10 + 4 + -9 + 135)*1 a multiple of 4?
True
Suppose x - 97 = -22. Does 6 divide x?
False
Let n = -175 + 448. Does 21 divide n?
True
Suppose 667 = p - 847. Does 53 divide p?
False
Let t = -1042 - -1490. Is 32 a factor of t?
True
Let c(d) = -2*d + 3 + d**2 + 2 - 9 + 7. Is 27 a factor of c(-9)?
False
Suppose -5*v + 1826 = 591. Suppose 9*o - v = -4*o. Is o a multiple of 9?
False
Suppose -3*p + 109 = -143. Is p a multiple of 14?
True
Let c = -871 - -1166. Is 17 a factor of c?
False
Suppose -4*b + 2*b + 1411 = z, -3*b + 5*z = -2110. Is 47 a factor of b?
True
Let g be (-5)/2*20/25. Is 29 a factor of ((-3)/(-1) + g)*1*145?
True
Let n(w) = -346*w + 9. Does 8 divide n(-1)?
False
Let m(t) = -t**2 - 29*t - 27. Suppose 50*a - 47*a = -72. Is m(a) a multiple of 9?
False
Suppose -28126 = -29*r + 4296. Is 26 a factor of r?
True
Let c = 9 - 3. Suppose -3*b + 14 = -19. Suppose -c*d - 75 = -b*d. Is 5 a factor of d?
True
Let d be (-2)/(-16) - 9729/(-184). Suppose 4*t = d + 31. Is 3 a factor of t?
True
Let i = 19 + -17. Suppose -i*y + 172 = 2*b, -2*b = -2 - 6. Does 17 divide y?
False
Let h be 2 - ((-9)/9)/(2/(-24)). Let q(s) = s**2 - 4*s - 4. Let t be q(4). Is 3 a factor of (-2 - t)/(h/(-85))?
False
Let l(v) = -v**3 + 10*v**2 + 14*v - 11. Let z(a) = -a + 15. Let h be z(4). Does 12 divide l(h)?
False
Is 10 a factor of 1 + 3 - (-10028)/23?
True
Let a(c) = -3*c - 2. Let b be a(-6). Let l be ((-3 - -5) + b)/1. Suppose -2*k = -l - 30. Is k a multiple of 5?
False
Suppose -280 = -114*h + 106*h. Is h a multiple of 2?
False
Let t(k) = -120*k**3 - 2*k**2 + 1. Let a be t(-1). Let x be (6 - (-738)/(-27))*3. Let i = x + a. Does 14 divide i?
False
Let p(s) = -s**3 - 14*s**2 + 9. Let w be p(-14). Suppose -3*a = -w, -2*k = 3*a - 21 - 20. Is 2 a factor of k?
True
Let r be (-36)/(-27)*(4 + -1). Suppose -r*y + 225 = -3*y. Let d = y + -159. Is d a multiple of 22?
True
Let a(z) = -3*z**3 - z**2 - 2*z - 1. Let j be a(-1). Suppose -j*l + 202 = 1. Is 16 a factor of l?
False
Let k = 106 + -102. Suppose -3*j = -3*m + 15, -k*m - 10 + 36 = -2*j. Is m even?
True
Suppose 2*q + 3*i = 5, 3*q - 2 = -i + 2*i. Let g = q - -68. Is 30 a factor of g?
False
Let k(s) = -s + 79. Is k(23) a multiple of 6?
False
Let w(c) = -c**3 - 4*c**2 + 5*c + 4. Suppose -6*r = -3*r + 12. Let s be w(r). Is 2 a factor of (-15)/(-2)*s/(-20)?
True
Let d(h) = 2*h**2 + 2. Let l be d(-1). Suppose 2*v + 5*r - 17 = 0, l*v + 13 - 62 = 5*r. Suppose -v - 18 = -b. Does 7 divide b?
False
Suppose 5*s = 12 - 67. Does 17 divide (-2)/s - (-5031)/99?
True
Let h(o) = o**2 + 10*o + 6. Let i be h(-8). Let b(k) = -8*k - 24. Is b(i) a multiple of 21?
False
Let n(l) = 6*l**2 + 3*l + 2. Let x be n(-1). Suppose -4*q = 4*t - 452, 2*t + 113 = q + x*t. Is 20 a factor of q?
False
Suppose 4*r - 2038 = -2*u + 5*r, 3*u = 5*r + 3050. Is 34 a factor of u?
True
Suppose 6*d = 5*d + 24. Suppose d*o - 21 = 27*o. Is o/(1 - 3/2) a multiple of 14?
True
Let a(m) = m + 12. Let i be a(-8). Let u(r) = 5*r - 5. Let k be u(i). Suppose -3*v - 6*z + 55 = -z, 0 = 3*z - k. Is 5 a factor of v?
True
Let h = 5 - 17. Let y be ((-2)/6)/(h/36). Is 11 a factor of y/(-2)*(-116 + -2)?
False
Let z(w) = -40*w**3 + w**2 - 11*w - 55. Does 25 divide z(-5)?
True
Let t(o) be the third derivative of -7*o**4/12 + o**3/3 - o**2. Suppose -5*q + 5 = 3*a, 0 = 5*q - 2*q + 2*a - 4. Does 10 divide t(q)?
True
Suppose 70 = -5*j + 4*r, 56 = 6*j - 10*j - 2*r. Let m = j + 104. Is 6 a factor of m?
True
Suppose -103 = 2*b - 6*b + 5*w, -3*b + 5*w = -81. Does 33 divide b/(-3)*-3*(-18)/(-4)?
True
Let m = -64 - -68. Suppose -5*n - m*q = -152, 5*n - 126 = n - 